+ 1506017. Give o(24).
17
Let m(d) = 9665*d - 28996. Calculate m(3).
-1
Let a(k) = k**3 - 98*k**2 + 2302*k - 33. Determine a(39).
6
Let o(f) = -61*f**2 + 3974*f + 25. Give o(65).
610
Let w(q) = -3*q**2 + 196*q + 912. What is w(0)?
912
Let p(y) = 2*y**2 - 303*y - 13020. Give p(-39).
1839
Let t(s) = -21*s**2 + 284*s + 39. Give t(14).
-101
Let z(q) = -21413*q + 406853. Calculate z(19).
6
Let n(c) = 568*c - 3100. Calculate n(4).
-828
Let c(w) = 93554*w + 34802096. Calculate c(-372).
8
Let f(j) = -j**2 + 275*j - 2707. Calculate f(8).
-571
Let r(o) = 47358*o - 899814. What is r(19)?
-12
Let l(d) = 327*d - 2484. Give l(5).
-849
Let h(p) = -p**2 + 422*p - 6089. Calculate h(407).
16
Let u(k) = -2572*k - 45495. Give u(-16).
-4343
Let f(w) = 7*w**3 + 494*w**2 - 234*w - 671. Calculate f(-71).
820
Let f(r) = -11455*r - 412213. What is f(-36)?
167
Let a(k) = 47925*k + 958483. Calculate a(-20).
-17
Let t(v) = -16843*v + 50550. Calculate t(3).
21
Let a(v) = 5*v**3 - v**2 - 43*v - 64. Give a(-3).
-79
Let k(g) = -g**3 - 36*g**2 + 274*g + 930. What is k(-42)?
6
Let r(d) = 4*d**2 - 71*d - 105. What is r(28)?
1043
Let u(p) = -22498*p - 336755. Determine u(-15).
715
Let r(l) = 2256*l - 300127. Calculate r(133).
-79
Let m(r) = -r**3 + 116*r**2 - 264*r + 4104. Calculate m(114).
0
Let a(d) = -10*d**2 + 403*d - 2301. Give a(7).
30
Let n(m) = 95*m**3 + 281*m**2 + 203*m + 646. Give n(-3).
1
Let q(c) = 109295*c + 1639427. Determine q(-15).
2
Let g(a) = 21*a**2 - 246*a + 705. Determine g(5).
0
Let z(u) = -9*u**2 - 341*u - 110. Determine z(-40).
-870
Let u(k) = -108*k**3 - 435*k**2 - 3*k + 3. Determine u(-4).
-33
Let p(g) = 87*g**2 + 120*g - 901. What is p(-4)?
11
Let s(u) = -247*u + 239. What is s(7)?
-1490
Let d(m) = 157625*m + 68251624. Calculate d(-433).
-1
Let r(c) = c**2 - 65669*c + 2034804. What is r(31)?
26
Let n(m) = -39*m - 83. Give n(16).
-707
Let x(q) = 5*q**3 + 157*q**2 + 51*q - 312. Give x(-31).
29
Let y(d) = -17*d**2 - 344*d + 348. Calculate y(1).
-13
Let k(a) = 6508*a + 65103. Calculate k(-10).
23
Let c(i) = -i**3 + i**2 + 83*i - 246. Calculate c(3).
-15
Let d(g) = -2*g**3 + 57*g**2 - 5552*g + 147708. Give d(27).
-9
Let f(u) = 2*u**2 + 57328*u + 2461410. What is f(-43)?
4
Let v(q) = 3*q**3 - 17*q**2 - 6238*q + 37382. Calculate v(6).
-10
Let m(c) = 32*c**2 - 2185*c + 2706. Calculate m(67).
-41
Let r(d) = -74*d - 418. What is r(-54)?
3578
Let v(u) = -3*u**3 - 7*u**2 + 5070*u + 265. Determine v(40).
-135
Let v(h) = -10066*h + 352381. What is v(35)?
71
Let v(x) = 167155*x - 3510255. What is v(21)?
0
Let d(m) = m**3 - 68963*m**2 - 620748*m - 3. Calculate d(-9).
-3
Let t(p) = 38*p + 1847. Give t(-47).
61
Let o(k) = -7*k**3 + 690*k**2 - 5951*k - 1057. Calculate o(89).
11
Let b(p) = -1241*p + 4545. What is b(4)?
-419
Let h(f) = 2*f**3 + 35*f**2 - 10874*f + 28. What is h(-83)?
111
Let s(h) = 2*h**2 + 174*h - 1073. Calculate s(-91).
-345
Let d(g) = -53534*g + 428287. What is d(8)?
15
Let t(m) = 6*m**2 - 276*m - 4879. Give t(-14).
161
Let s(o) = 5589*o - 100600. Calculate s(18).
2
Let t(o) = -12*o**3 + 101*o**2 + 8*o + 2. What is t(9)?
-493
Let o(t) = t**2 + 719*t - 153279. Calculate o(172).
-27
Let y(t) = -119*t + 3184. Give y(40).
-1576
Let r(i) = -i**3 + 10*i**2 + 3594*i - 1232. Give r(65).
3
Let s(k) = -165*k - 12728. Calculate s(-78).
142
Let l(j) = 163395*j + 653530. Give l(-4).
-50
Let n(w) = 182*w**3 - 358*w**2 - 11425*w - 8. What is n(-7)?
-1
Let m(r) = -3*r**3 + 546*r**2 - 7978*r + 1713. What is m(166)?
53
Let j(g) = 57417*g + 689014. What is j(-12)?
10
Let k(m) = 5309*m - 79631. Determine k(15).
4
Let j(m) = -2*m**2 - 246761*m + 3208234. What is j(13)?
3
Let n(r) = r**2 + 3005*r - 30157. Give n(10).
-7
Let c(j) = -3*j**3 - 289*j**2 - 1019*j - 8298. Calculate c(-93).
-21
Let g(s) = 69871*s + 2794845. Give g(-40).
5
Let v(s) = -s**2 - 8135*s - 64. Determine v(0).
-64
Let u(k) = 6*k**3 + 15*k**2 - 456*k - 1388. Determine u(-3).
-47
Let a(u) = -2*u**3 - 44*u**2 + 1453*u + 31346. Give a(-21).
-49
Let k(l) = -1477*l - 376671. Determine k(-255).
-36
Let d(f) = 10*f**2 - 791*f + 7176. What is d(10)?
266
Let m(z) = -9*z**3 + 229*z**2 - 295*z - 101. Give m(24).
307
Let r(p) = -p**3 - 906*p**2 - 16857*p - 77. Calculate r(-19).
-1
Let r(u) = u**3 + 377*u**2 + 738*u - 4531. What is r(-375)?
-31
Let q(b) = -b**3 - 22*b**2 + 1719*b - 304. Determine q(-54).
182
Let d(a) = 65*a**2 + 7*a + 9. Give d(-1).
67
Let z(y) = y**3 + 40*y**2 - 202*y - 3157. What is z(-43)?
-18
Let u(y) = -110*y**3 + 765*y**2 + 921*y - 11. Calculate u(8).
-3
Let l(b) = -4571*b - 731341. Determine l(-160).
19
Let u(k) = -45*k**2 + 3891*k + 2077. Determine u(87).
-11
Let n(c) = -282*c**2 + 2*c - 2. Give n(-1).
-286
Let k(p) = 3139*p - 24. What is k(0)?
-24
Let l(s) = -2*s**3 - 404*s**2 + 784*s - 6516. What is l(-204)?
12
Let p(y) = -5140*y + 1511156. Calculate p(294).
-4
Let p(a) = -10324*a + 82598. Determine p(8).
6
Let n(g) = -2*g**2 + 33121*g - 66239. Give n(2).
-5
Let b(z) = -22*z**3 + 1486*z**2 - 6300*z + 1. Calculate b(63).
1
Let x(r) = -r**3 + 32*r**2 - 119*r + 106. Calculate x(3).
10
Let g(j) = -75188*j - 601505. Give g(-8).
-1
Let y(b) = -8*b**3 - 10*b**2 - 1379*b + 8170. What is y(6)?
-2192
Let i(x) = 204*x - 516. Give i(1).
-312
Let g(z) = 6*z**2 - 3599*z - 4210. What is g(601)?
-3
Let s(c) = -18*c**2 + 12658*c + 73734. Determine s(709).
-2
Let o(x) = x**3 + 3*x**2 - 829*x - 3274. What is o(-4)?
26
Let j(h) = 2*h**3 - 417*h**2 + 8391*h - 3898. Determine j(186).
8
Let u(n) = 14906*n - 104263. What is u(7)?
79
Let b(a) = a**3 + 39*a**2 - 31*a - 1144. What is b(-39)?
65
Let m(q) = -q**3 + q**2 - 59. What is m(8)?
-507
Let f(d) = -52*d**3 + 2*d**2 + 1860*d + 1859. Determine f(-1).
53
Let g(b) = -5*b**3 + 194*b**2 + 446*b + 211. Calculate g(41).
6
Let l(s) = -3*s**3 + 625*s**2 - 1433*s - 1851. Calculate l(206).
3
Let l(b) = -b**2 + 304*b + 158319. What is l(-274)?
-53
Let s(h) = 69*h - 32. Determine s(-5).
-377
Let j(o) = -2263*o - 1140771. Determine j(-504).
-219
Let m(t) = 342*t**3 + 39*t**2 + 35*t - 3. What is m(-1)?
-341
Let a(x) = -x**3 - 66*x**2 - 2500*x - 172000. Calculate a(-67).
-11
Let c(j) = -j**2 + 653*j - 69568. Determine c(134).
-22
Let h(a) = -a**3 + 17*a**2 + 818*a - 7482. Determine h(9).
528
Let n(p) = -p**2 - 1210*p + 171239. Determine n(128).
-25
Let f(b) = -574*b**2 - 4678*b - 681. Give f(-8).
7
Let j(l) = -1098*l + 9133. Calculate j(8).
349
Let y(w) = -257*w - 2569. What is y(-10)?
1
Let f(z) = z**2 - 45317*z + 770094. Calculate f(17).
-6
Let l(k) = 152*k - 15923. Determine l(110).
797
Let h(f) = 47*f**2 + 19373*f - 38740. What is h(2)?
194
Let v(y) = 2*y**3 + 253*y**2 + 676*y + 102001. What is v(-127)?
20
Let j(w) = -1373*w + 68377. Give j(50).
-273
Let o(u) = 762*u**2 + 2132*u + 4261. Determine o(-2).
3045
Let u(j) = 9197*j - 1195602. Calculate u(130).
8
Let a(b) = b**3 - 577*b**2 - 1155*b. What is a(-2)?
-6
Let g(l) = 49*l**3 - 2*l**2 + 15*l - 24. Give g(2).
390
Let d(a) = -10*a**2 - 141*a - 840. Determine d(-21).
-2289
Let a(m) = -6*m**3 - 76*m**2 + 232*m - 1. Determine a(3).
-151
Let f(d) = 3722*d**2 - 10887*d - 3. Give f(3).
834
Let v(q) = -364215*q - 5099002. Calculate v(-14).
8
Let l(o) = o**3 - 35*o**2 + 90*o + 55. Calculate l(30).
-1745
Let w(k) = -31*k**2 - 4047*k + 114987. Determine w(24).
3
Let v(r) = -r**3 + 80*r**2 - 322*r - 26562. What is v(70)?
-102
Let n(k) = -272*k**3 + 506*k**2 + 98*k - 51. Give n(2).
-7
Let l(b) = 3*b**3 + 186*b**2 + 294*b - 3970. Determine l(-60).
-10
Let i(n) = 142*n + 1495. What is i(-6)?
643
Let t(x) = 2748*x - 33021. Calculate t(12).
-45
Let u(n) = -4919*n - 196747. Give u(-40).
13
Let r(d) = 4*d**3 + 172*d**2 + 2416*d + 103862. Calculate r(-43).
-26
Let r(w) = 1812*w + 169018. Determine r(-94).
-1310
Let r(b) = 147270*b + 2945387. Give r(-20).
-13
Let n(a) = -5*a**3 - 54*a**2 + 5961*a + 65450. Calculate n(-11).
0
Let g(q) = -q**3 + 15*q**2 - 4818*q + 109396. What is g(22)?
12
Let a(h) = -h**3 - 26*h**2 - 5*h + 23. Determine a(-26).
153
Let t(i) = 4*i**2 - 9139*i + 27410. Give t(3).
29
Let x(f) = -166*f**2 - 1826*f - 3993. Calculate x(-8).
-9
Let o(x) = 343*x**2 - 5114*x + 20. Give o(15).
485
Let z(y) = 2*y**3 + 103*y**2 + 118*y - 114. What is z(-50)?
1486
Let w(r) = 168*r - 4589. What is w(27)?
-53
Let h(i) = -2*i**2 - 255*i - 53